2. Give g(5).
-9
Let v(r) = -2*r**2 + 9*r - 14. Let l be v(4). Let h = 13 + l. Let a(x) be the first derivative of -x**3/3 - x**2/2 + 4*x + 1. What is a(h)?
-8
Suppose 0*s - s = 0. Let d be s - (0 + (7 - 2)). Let v(h) = h + 2. Determine v(d).
-3
Let s(x) = -3*x**2 - 2*x + 1. Let v(y) = y**2 - 5*y - 8. Let f be v(6). Give s(f).
-7
Let w = -13 + 18. Suppose 4*b = -4*i + 20, 0 = b - 2*i + i + w. Let u(j) = -2*j**3 + 0*j**2 + 3*j**3 - j**2 - 6. Calculate u(b).
-6
Let q(n) = -23*n**2 + 17*n**2 + 10*n**2 + 2*n. What is q(-2)?
12
Let u(a) = -4*a**2 - 4*a - 2. Let w(l) be the second derivative of -l**5/20 - 5*l**4/12 + 7*l**3/6 + 2*l**2 + l. Let s be w(-6). What is u(s)?
-10
Let n(r) = -1 - 2*r**2 + 2 - 4*r + 2. Let s(v) = 5*v**2 + 8*v - 7. Let x(k) = -2*k + 6. Let p be x(5). Let b(c) = p*s(c) - 9*n(c). What is b(3)?
-5
Let u(m) = m - 14. Let s be u(6). Let y(v) = 2*v + 9. Calculate y(s).
-7
Let y(n) be the second derivative of -3/2*n**2 + 7/6*n**3 + 0 + 1/12*n**4 - 2*n. Determine y(-6).
-9
Let g(u) = -7*u + u**3 + 7 + 8*u**2 - 6*u + 6*u. Give g(-9).
-11
Let t = -36 - -36. Let p(d) = -d**2 + d - 1. Calculate p(t).
-1
Let a(p) = 4 + p + p - 3*p. Let z(w) = w**3 + 6*w**2 + 4*w + 5. Let n be z(-5). Let v be n/(9/(-3) - -1). Determine a(v).
9
Let l be 5/((10/4)/(-5)). Let z be (-3 + 2)*l*1. Let j = z - 7. Let r(v) = -v**2 + 2*v. Calculate r(j).
-3
Let x(w) = w**3 - 5*w**2 + 6. Suppose -1 = -q - 0*q + 2*y, 0 = -3*q + y + 3. Let v = q - -4. What is x(v)?
6
Let w(p) = -8*p**2 + 4*p - 1. Let d(g) = 16*g**2 - 9*g + 2. Let n(a) = 2*d(a) + 5*w(a). Determine n(1).
-7
Let s(p) = -2*p**2 + 3*p - 1. Let v = 203 + -199. Calculate s(v).
-21
Let d(q) = -3*q**3 - 7*q - 2. Let y(g) = -5*g**3 + g**2 - 14*g - 5. Let i(f) = -7*d(f) + 4*y(f). Determine i(-5).
4
Let r(f) = -f + 49 - 42 + 0*f. Determine r(7).
0
Suppose 2 + 2 = 2*a. Suppose -a*o + 8 = 2*o. Let y(f) = 0 + 0 + o*f**2 - 2. Give y(-2).
6
Let v(s) = s. Let m(r) = -r**3 - r**2 + 2*r + 3. Let i be m(-2). What is v(i)?
3
Let s(d) = -5 + 0 + 0 - 3*d. Determine s(-5).
10
Let h be 24/10 - (-4)/(-10). Let g(o) = -h - o - 1 + 2. Let a be 1 + 2/4*-2. What is g(a)?
-1
Let s be 4 - 3/((-3)/(-1)). Suppose s*m - 2 = 3*g - 8, 5*m + 26 = g. Let w(u) = -u**2 - 5*u - 1. Calculate w(m).
-7
Let s(o) = o - 3. Let q(z) = z - 4. Let d(h) = -5*q(h) + 7*s(h). Calculate d(4).
7
Let q(z) = 4*z**2 + 2*z + 1. Let c(w) = 5*w**2 + 3*w + 2. Let l(k) = -2*c(k) + 3*q(k). Let u(p) = -p - 6. Let x be u(-7). Determine l(x).
1
Let n(v) = v + 2. Let i(p) = -p**2 - 7*p + 7. Let d be i(-8). Let c = d - 1. Determine n(c).
0
Let s(j) be the third derivative of -j**4/24 - 7*j**3/6 + 10*j**2. Give s(-6).
-1
Let i(g) = g + 6*g - 2*g + 6 - 2*g. What is i(-4)?
-6
Let t(s) be the first derivative of -s**2/2 - 4*s + 8. Determine t(-3).
-1
Let z(t) = 4*t**3 + t**2 + 4*t - 12. Let l(j) = 3*j**3 + 2*j**2 + 3*j - 11. Let i(w) = 5*l(w) - 4*z(w). What is i(5)?
13
Let m(b) = -b**2 + 7*b - 2. Let i be m(6). Let o(s) = 2*s**3 - s**2 + s - 1. Let q(r) = 7*r**3 - r**2 + 9*r - 6. Let l(j) = -4*o(j) + q(j). Calculate l(i).
2
Let o(b) be the second derivative of 1/12*b**4 + 0 + 2*b**2 - 2*b + 2/3*b**3. What is o(-5)?
9
Let t(i) = -i**3 + 4*i**2 - i + 5. Let p(y) = y**2 + 4*y. Let x be p(-3). Let o be (1 - 3)*(x - -1). What is t(o)?
1
Suppose 0 = 4*v + 2*v + 24. Let q(g) be the second derivative of -g**5/20 - 5*g**4/12 - g**3/2 + 3*g**2/2 - g. Calculate q(v).
-1
Let q be (-38)/(-6) - (-6)/9. Let g(l) = -l**2 + 5*l + 10. Determine g(q).
-4
Let b = 14 - -1. Suppose 0 = v, 3*t - b = -2*t - 5*v. Let w(l) = -9*l**2 + 15*l - 7. Let s(g) = -5*g**2 + 8*g - 4. Let d(u) = 7*s(u) - 4*w(u). Calculate d(t).
-3
Let f(x) = x + 22. Let s(l) = 1. Let w(o) = f(o) - 6*s(o). Calculate w(0).
16
Let y(d) = -d**2 + 4*d + 3. Let m be (-1)/1*1 - 1. Let a be 1/3 + 4/(-3). Let r(q) = -q + 1. Let v(h) = a*y(h) + m*r(h). What is v(4)?
3
Let n(y) = -3*y**3 - 4*y**2 - 2*y - 1. Let t(l) = 2*l**3 + 4*l**2 + 3*l + 1. Let x(g) = 3*n(g) + 4*t(g). Determine x(5).
6
Let x(f) = f + 3. Suppose -10*i + 6*i = -20. What is x(i)?
8
Let u(z) = z**3 - 17*z**2 - 17*z - 19. Let y be u(18). Let p(a) be the third derivative of a**6/30 - a**5/60 + a**3/6 - a**2. Give p(y).
-4
Suppose -3*f + 13 = -2*f - 2*n, n = 2*f - 20. Let d be (-10)/(-45) - (-61)/f. Let m(y) = y + y**2 + d*y + 0*y**2 + 6 - y. Give m(-6).
0
Let g be (-11)/33 + 10/3. Let o(b) = b**2 - 2*b + 3. What is o(g)?
6
Let d be 2 + (-3)/1 - -6. Let c(g) be the second derivative of -5*g**3/6 - 5*g**2/2 - 5*g. Let m(v) = -4*v - 5. Let u(p) = -5*c(p) + 6*m(p). Calculate u(d).
0
Suppose 2*v + 4 = k - 11, 4*k - 12 = 0. Let c = v - -11. Let l(a) be the third derivative of -a**6/120 + a**5/15 + a**4/8 - a**3/6 - 2*a**2. Determine l(c).
-11
Let n(f) = -6*f + 10. Let r(y) = -y. Let k(d) = -n(d) + 5*r(d). Give k(8).
-2
Let t be 3/(-4) + 45/(-20). Let h(v) = 3 - 2*v**2 - 3*v - 4 - v. Give h(t).
-7
Let p(b) = 2*b**3 + 4 - 3*b**3 - 6*b - 5*b**2 - 2*b**2. Let c = -1 + 3. Let n be c/(-4)*8 - 2. Calculate p(n).
4
Let y(j) = -j**3 - 10*j**2 - 10*j - 11. Let t be 65/(-7) + (-18)/(-63). What is y(t)?
-2
Let c(i) = 4*i + 3. Let n = -5 + 13. Suppose 5*a + n = a. Let s be c(a). Let o(q) = q + 4. What is o(s)?
-1
Let a(o) be the third derivative of o**6/120 - o**5/30 - o**4/24 - o**3/2 + 23*o**2. Determine a(3).
3
Let a(g) = -g**2 - 10*g - 7. Let z be a(-9). Let n(p) = -14*p + 6*p - 3*p**2 - 6*p**2 + 8*p**z - 4. Determine n(-7).
3
Let a be -5 + (2 - (3 + -3)). Let w(n) = -n**3 - 2*n**2 - 4. Determine w(a).
5
Let i = 5 + -2. Let g(o) = 0*o**3 - 7*o + 10*o - 1 + 4*o**2 + o**i. What is g(-4)?
-13
Let b(m) = -3*m + 6. Let f(c) = c + 8. Let p be f(-4). Suppose -5*t = v - 7, 0*v + v + 2*t - p = 0. Suppose -n = v*n - 12. Calculate b(n).
-6
Let m(o) = 2*o**3 + o. Suppose 6*y - 3*y = 0. Let f be 42/15 + (-2)/(-10). Suppose y = -f*b + 5*b - 2. Determine m(b).
3
Let l(y) = y + 11. Let g be l(-7). Let a(f) be the first derivative of -1/2*f**2 - g*f + 2. Determine a(0).
-4
Let f = 7 - 10. Let z be (-2 - 7/f)*9. Let j(b) = -z*b + 0*b**2 - 7 - 2*b**2 + 3*b**2. Determine j(5).
3
Let n be (-1)/(9/2 - 4). Let c be -2*(-2)/(-8)*n. Let r(k) = 2*k + 1 - 6*k**3 - 4*k**3 - 2. What is r(c)?
-9
Let v(h) = h - 5. Let u(z) = 2*z - 11. Let d(r) = 4*u(r) - 9*v(r). Suppose -3*s + 8*s - 3*y - 7 = 0, -5*s + 15 = -5*y. Determine d(s).
2
Let j(z) = 9*z - 6. Let c(o) = -26*o + 17. Suppose -5*k = -2*m - 110, -3*k + 4*m + 47 = -m. Let p = k - 13. Let b(u) = p*j(u) + 4*c(u). Give b(2).
-8
Let v = 27 - 25. Suppose 0 = -5*m - 2*h + 23, 0 = 3*m - v*m + 3*h - 15. Let j(l) be the first derivative of l**3/3 - l**2/2 - l + 1. Calculate j(m).
5
Let v(t) be the third derivative of t**4/24 - t**3/3 + t**2. Let f be -1 + (3 - (3 - 0)). Let m be (f + 2)*(0 - 4). Determine v(m).
-6
Let l(a) = -2*a**2 + 3*a + 4. Suppose 6*b = 4*b - o - 3, -5*b - 2*o - 7 = 0. Let q = -1 - b. Suppose q*v - 3*v = -9. Calculate l(v).
-5
Let q(l) = 5*l - 10 + 4*l + 8 + 21. Let z(s) = -4*s - 9. Let w(t) = 6*q(t) + 13*z(t). Calculate w(3).
3
Let z(x) = -x - 2. Suppose 0 = o - 2*o + 23. Suppose -f = -p - 11, -o + 3 = 5*p. Determine z(f).
-9
Let j(s) be the third derivative of s**5/60 - s**4/24 - s**3/2 + 3*s**2. What is j(3)?
3
Let p(i) = i**2 + i - 2. Let s(w) = w**2 + 8*w + 7. Let j be s(-7). Determine p(j).
-2
Let x(y) = -y**2 + 3*y + 4*y - 10*y + 4. Determine x(-3).
4
Let a = -10 - -15. Let p(z) = -a*z + 1 - z**2 + 4*z + 2. What is p(-3)?
-3
Let y(t) = -6 - t + 0 + 1. Let j = -179 - -175. Give y(j).
-1
Let y(f) = 1 - 1 + 0*f - f + 1. Let i = 2 - 5. Let h = i - 2. Give y(h).
6
Let f be 2/(-4) - 12/(-8). Let a(m) = 2*m**2 - 6*m + 5. Let s(j) = j**2 - j + 1. Let d(v) = a(v) - 5*s(v). Give d(f).
-4
Let q(d) = -d + 3. Let w be q(0). Suppose 0 = w*n + t - 15, -3*n - 5*t = -15 - 0. Let l(m) = m - 7. What is l(n)?
-2
Let n(l) be the first derivative of l**4/4 + 4*l**3/3 + 4*l + 2. Let x be n(-4). Let p = 1 - x. Let j(a) = a**3 + 4*a**2 + 2*a + 3. Give j(p).
6
Suppose 0 = w + 2*z - 3, 2*w + w = -z + 4. Let l(a) be the second derivative of 0 - 5/6*a**3 - 4*a + 1/2*a**2. Determine l(w).
-4
Let n(j) = -j**2 + j. Let g(t) = 2*t**2 - 5*t + 2. Let a(x) = -2*g(x) - 6*n(x). Calculate a(-4).
12
Let n(g) be the second derivative of -g**5/20 - g**4/3 - g**3/2 + g**2/2 + 10*g. Giv